. Is d(j) prime?
False
Suppose 0 = n - 2*n + 7. Let i(s) = -9*s + n - 3*s - s - 7*s. Is i(-6) a composite number?
False
Let m = 827 - 28. Suppose 1439 = 6*s - m. Is s composite?
False
Suppose y + 0*y = -4*d + 3247, -3*y + 9693 = -4*d. Suppose -5*w = -7660 - y. Is w a composite number?
False
Suppose -1225 = -u + 976. Is u a prime number?
False
Let d(w) = -32*w**3 + w**2 - 4*w + 1. Suppose -32 = 5*k + 3*m, 5*m + 10 = 2*k - 2. Is d(k) composite?
False
Let h(v) = 1 - 53*v + 162*v + 133*v. Is h(2) composite?
True
Let b(k) = -7*k + 6 - 3 - k**2 + 16*k**2 + 6*k. Suppose 0*t = -2*t - 4. Is b(t) prime?
False
Let t(v) = -17*v + 18. Let i(n) = -n + 1. Let y(s) = -5*i(s) + t(s). Suppose -x = 3*c + 12, 0 = x + 29*c - 28*c + 8. Is y(x) composite?
True
Let f = 6953 - 1174. Is f a composite number?
False
Let u(d) = 172*d - 283. Is u(59) a prime number?
False
Let y(r) = -r**3 + 38*r**2 + 34*r + 105. Is y(38) a prime number?
False
Let j(a) = 6*a**2 - a + 11. Let y be ((-24)/14)/((-22)/77). Is j(y) a prime number?
False
Let v(j) = j**2 + 5*j + 5. Let t be v(-5). Suppose -p - p = 4*l - 16, -3*l = t*p - 5. Is (-678)/6*10/p a composite number?
True
Let w(t) = 2*t**3 - 19*t**2 + 43*t + 77. Is w(19) a prime number?
True
Let c(l) be the first derivative of -l**3/3 + 9*l**2/2 + 12*l - 6. Let o be c(10). Suppose -4*j = -o*j - 30. Is j a prime number?
False
Suppose y + 0*y + 2 = 0. Let q(o) = -4*o - 3. Let m be q(y). Suppose u + 0*u - 3*z = 81, -4*u - m*z = -392. Is u a prime number?
False
Suppose 86*y - 34*y = 693992. Is y composite?
True
Suppose d + d = -4*r + 368, -d = -r - 193. Suppose -a = 2*p + 3*p - 57, 4*a + p - d = 0. Is a prime?
True
Suppose 3*f + 2*y - 11 = -0*y, 3*f + y - 13 = 0. Suppose -2*m + 0*d = d - 1698, -4275 = -f*m + 5*d. Is m prime?
False
Suppose 4*s - n - 23 = 0, 5*n + 5 = s - 15. Is (-1233)/(-12)*(s - 1) prime?
False
Suppose c - 1560 + 8762 = 4*n, 0 = 5*c - 10. Is n prime?
True
Suppose 9*s - 30444 + 3462 = 0. Is s composite?
True
Let z be 2 - (3 + -3 + -217). Let t = -28 + z. Is t a composite number?
False
Let g(v) = v**2 - 5*v - 3. Let y(t) = -t**3 - 9*t**2 + 2*t + 1. Let x be y(-9). Is g(x) composite?
True
Suppose -4*n + 64 = 5*z - 2*n, 46 = 3*z + 5*n. Suppose -z = -2*h + 6*h. Is 7530/18 - 2/h a composite number?
False
Let f(n) = n**3 + n - 1. Let z(d) = -12*d**3 - 5*d**2 - 2*d - 18. Let s(a) = -6*f(a) + z(a). Is s(-5) prime?
True
Let w(x) = -x + 3. Let q be w(3). Let b(l) = -l**3 - 3*l**2 - l + 157. Is b(q) prime?
True
Let m(s) = 334*s + 11. Let b be m(-6). Let y = b - -3196. Is y a composite number?
True
Let t(x) = 9*x - 2. Let z be t(-3). Let p = -23 - z. Suppose 0*w - 474 = -p*w. Is w a composite number?
False
Let y = 2332 + 4206. Suppose -2*h - 3*w + 4361 = 0, -h - 2*h = w - y. Is h a composite number?
False
Let c = 201 + -198. Let q(u) = -u - 2. Let r be q(-1). Is 683 + r + -6 + c a composite number?
True
Suppose 5*b - 34463 = -3*h, 0 = b - 3*b - 4. Let u = h - 6828. Is u a composite number?
False
Let l = -57 + 29. Let m = l + 31. Suppose -7*t + 2*g = -2*t - 1253, 0 = 2*t - m*g - 499. Is t composite?
False
Suppose 2*k + 4*m - 16622 = 0, 3*k - 24968 = 19*m - 18*m. Is k a composite number?
True
Let h = 947 - -2352. Is h a composite number?
False
Suppose -a = 6 + 8. Is (-28068)/a - 9/(-63) composite?
True
Let s(k) = 6475*k**2 + 7*k - 13. Is s(-3) prime?
False
Let j = -6 + 9. Suppose j*o = 24 - 9. Suppose -498 = -o*p + 2*p. Is p composite?
True
Suppose 4*b - 8 = 2*b. Suppose -b*u - 99 - 409 = 0. Let l = -90 - u. Is l composite?
False
Suppose 31 = -13*b - 983. Let j(s) = 6*s**2 + 5*s + 2. Let u be j(-5). Let p = b + u. Is p a prime number?
False
Let x = 16 + 4. Is 5/(x/(-16)) + 198*1 a prime number?
False
Let j(r) = 22*r. Let m be j(-1). Let x be m/33*(1616 - -1). Let z = x + 1619. Is z a composite number?
False
Let q = 287 + -187. Suppose v = -4*v + q. Suppose -2*k - t = -358, 6*t = t - v. Is k a composite number?
False
Suppose -3*v + 5*z + 730 = 0, 3*z = -0*v + v - 246. Let m = v - -739. Is m a composite number?
True
Suppose 65225 = -4*p + 29*p. Is p a composite number?
False
Suppose 8 = -n - 7*n. Let c(x) = -920*x**3 + 3*x**2 + 4*x + 2. Is c(n) a composite number?
True
Let z = -4758 + 29041. Is z composite?
True
Let f = -909 + 1401. Let k = f + -281. Is k prime?
True
Let n be (-1 - -2)/(-4*(-2)/208). Suppose 2174 = -n*m + 28*m. Is m a prime number?
True
Let o = 24162 - 6355. Is o a composite number?
False
Let y be 2 - (1 + -2)*106. Let v = y + 155. Suppose 0 = -6*n + 5*n + v. Is n a prime number?
True
Let g be (-55)/(-10) + 4/(-8). Suppose -1894 - 522 = -3*s - g*n, 5*s - 3*n = 3970. Is s a prime number?
True
Let r = -8033 - -13278. Is r composite?
True
Let o(m) = 14*m**3 + 11*m**2 + m - 8. Let b be o(8). Suppose 7*k - b = -1705. Is 2/(-4)*(-5 - k) a composite number?
False
Let h(p) = 95*p**2 + 12*p - 64. Is h(5) composite?
False
Let j be ((-6)/(-15))/((12/(-40))/(-3)). Suppose -j*w - 137 = -1185. Is w a prime number?
False
Suppose -2*s = 2 + 12. Let t(p) = p**3 + 8*p**2 + 4*p + 3. Let x be t(s). Let j = 145 + x. Is j composite?
True
Suppose 4*x = -2*s + 7394, -3*s - 2*s - 5526 = -3*x. Is x a prime number?
True
Suppose 23 - 7 = 4*v. Suppose 0 = 6*q - 2*q - 2*l - v, -l = -3*q + 4. Suppose 0 = q*c + c - 1065. Is c a composite number?
True
Is 4 + 4/(-1) + 39094 + 9 composite?
False
Let w be (3/(-3))/(-1) + 2. Let o(r) = 63*r**2 - 4*r + 16. Is o(w) composite?
False
Let k be (2 - 109/5)*-15. Suppose -4*c + 5633 - 2146 = 5*a, -4*c + 3*a = -3463. Let n = c - k. Is n a composite number?
False
Let n(u) = 85*u**2 - u + 1. Let k be n(1). Suppose -3*m + 4*v + 310 = -v, -m - 2*v = -k. Let l = m - 60. Is l prime?
False
Let n = -11051 - -20638. Is n a prime number?
True
Suppose c = 5*m + 6*c - 75, -5*m = -4*c - 48. Let o be (134/4)/(6/m). Let t = o - 14. Is t a composite number?
False
Suppose -18 - 904 = -h + 3*g, -5*h - 4*g = -4515. Is h a composite number?
False
Is -2*(-2)/((-12)/(-2733)) composite?
False
Suppose -2*o - 19 = -3*t - 0*o, -o - 5 = 0. Suppose 6*y = t*y + 1017. Suppose 3*z - 6*z = -y. Is z a prime number?
True
Let a = -107 - -616. Suppose -a - 47 = y. Is 1/(1664/y - -3) a prime number?
True
Let q = 12763 - 4662. Is q a composite number?
False
Let l(y) = y**2 + 10*y + 13. Let b be l(-9). Suppose -h + 5*d = -2 - 3, -h + 32 = b*d. Is h + 1 + 0 + -2 a composite number?
False
Let r(l) = 12*l - 9. Let d(y) = 37*y - 26. Let h(q) = -2*d(q) + 7*r(q). Is h(14) composite?
True
Suppose 3*o - 9 = 6. Suppose 4*f = 19 + o. Suppose 0 = -2*r + 5*t + 66, f*t - 99 = -3*r + 2*t. Is r a composite number?
True
Suppose 3*y = -y - 12. Let d be 2 + -1 + (-6)/y. Suppose d*j - 4*j = -249. Is j a prime number?
False
Let x = 3 - 3. Is 1070 - (3 - x/2) a composite number?
True
Is (-95220)/(-108) + 4/3 composite?
False
Let d = 2442 + -1433. Is d prime?
True
Suppose -2*v + 2 = -2*g, -7*v = -3*v - 20. Suppose 2*w = -5*r + 533, 0 = 8*w - 4*w + g*r - 1036. Is (20/(-8) - -3)*w prime?
True
Let x(d) = 154*d**2 - 38*d + 5. Is x(4) a composite number?
True
Let x = -22 + 25. Let n(w) = w**3 - w**2 - 5*w + 3. Let a be n(3). Suppose a*b = x*b + 129. Is b a prime number?
True
Let m(j) = 2*j - 5. Let z(s) = 6*s - 14. Let f(b) = -8*m(b) + 3*z(b). Let u be f(6). Suppose -4*g = -5*v - 1625 - 613, -5*v - u = 0. Is g a composite number?
False
Let f(p) be the third derivative of -7*p**6/120 + p**4/4 + p**3/3 + 17*p**2. Is f(-9) a prime number?
True
Suppose 12*h + 4*h - 145744 = 0. Is h a composite number?
False
Let f(m) be the first derivative of 2*m**3 + 5*m**2/2 + 2*m - 72. Suppose 3*y + 3*p = -6, 4*p - 3 - 19 = 2*y. Is f(y) prime?
True
Suppose 16*j - 15*j + 2*k = 987, -3998 = -4*j + 2*k. Is j a prime number?
True
Suppose -2*k + 0*k + 5695 = -5*y, 5*k + 4589 = -4*y. Is (-2 + 1)*(y + 2) composite?
True
Suppose 2*n + 3 = -3*p, 4*n - p - 9 = -2*p. Let j be 103*n/(15/20). Suppose -8*a + 4*a = -j. Is a prime?
True
Suppose 9*u + k = 5*u + 848, 4*u - k = 840. Is u prime?
True
Let p = -14 + 14. Suppose -662 = -p*w - w. Is w prime?
False
Let t = -29 + 33. Is (-1824)/(-11) - t/(-22) prime?
False
Let w = 8 - 10. Suppose 2*u = -u - 2*h + 520, 0 = -2*u + 5*h + 315. Is w + 2 + u/2 a composite number?
True
Is -1*(1/(-1))/(10/24470) a prime number?
True
Let n(k) = 143*k**2 + 10*k. Let o(f) = -144*f**2 